et p = -3 - -3. Let h be ((-5)/5)/(p + 1). What is the tens digit of h/((-2)/4) - -25?
2
Let o be (-1)/2 + 21/2. Let j = -2 + o. Suppose q = j + 4. What is the units digit of q?
2
Suppose -5*k + 36 = -14. Suppose 0 = 2*x - k*x + 368. What is the units digit of x?
6
Let y be 481/4 - (-3)/(-12). Suppose -h = -3*h + y. What is the tens digit of h?
6
What is the units digit of (-18051)/(-9) + (-168)/63?
3
Suppose o + 3*p - 2 = 11, 0 = -2*p - 2. Let j = 14 + o. What is the tens digit of j?
3
Let m = -17 + 144. Let c = -78 + m. What is the tens digit of c?
4
Let f(m) = 17*m**2 + 8*m + 3. What is the tens digit of f(-2)?
5
Let j(k) be the second derivative of k**5/20 - k**4/3 - 11*k**3/6 + 3*k. Let i be j(6). Suppose 11*r = i*r + 10. What is the units digit of r?
2
Let w = 2 + 0. Suppose q + 57 = w*q. What is the units digit of q?
7
Suppose 0 = 35*f - 17149 - 26391. What is the tens digit of f?
4
Let j(h) = h**3 + h**2 - 2*h + 12. Let g be j(0). What is the units digit of 3/(-6) + 1098/g?
1
Suppose -5*c + 30 = -0*c. Suppose -4*v = 3*u - 60, -2*u - v = -c*v - 17. What is the units digit of u?
6
Suppose -2*x + 5*t + 3164 = 0, 10*t - 6*t + 6340 = 4*x. What is the tens digit of x?
8
Let q = -48 + 204. What is the tens digit of q?
5
Suppose 3*l - 63 = -15. What is the units digit of -2 + 772/l - 6/(-8)?
7
What is the thousands digit of 34/(-34)*(-1 - 3066)?
3
Let p(o) = 4*o + 16. Let x be p(-7). Let y = x - -14. What is the units digit of (-24)/9*(-3)/y?
4
Suppose 3*a + 39 = 3*x, 5*a - 2*a = 4*x - 42. Let v be (-166)/(-3) + a/(-15). Let y = v + -1. What is the units digit of y?
5
Suppose -w - 9 = -2*w. Let o be (486/w)/((-1)/(-3)). Suppose -4*b + 82 + o = 0. What is the units digit of b?
1
Let f = 97 - 97. Suppose -3*i + 155 = 4*b - 136, -2*i - 5*b + 201 = f. What is the tens digit of i?
9
Let k(s) = -s**3 - 8*s**2 - 5*s + 10. What is the units digit of k(-9)?
6
Suppose -2*t = -6*t + 8, -5*a + 4*t = -22. Suppose -2*u + 3*l + a = l, 2*l = 2. Suppose 2*z = -u*q + 2, 3*z = 8*q - 4*q - 17. What is the units digit of q?
2
Let f be (3 + -1)/((-6)/12). Let d(z) = -z + 5. Let y be d(f). What is the units digit of 10 - y - (1 + -4)?
4
Let a be ((-1)/(-1))/((-25)/(-2100)). Let c = a + -43. What is the units digit of c?
1
Let o(a) = -14*a**2. Let v be o(-1). Let l = v + 18. What is the units digit of 2*(-1)/l*-50?
5
Let q(c) = -c**2 + 21*c + 5. Let j be 133/9 - 12/(-54). What is the tens digit of q(j)?
9
Let s = 666 - 282. Suppose 44*k = 40*k + s. What is the tens digit of k?
9
Let q(c) = -c**2 - 21. Let r(v) = -v**2 - 32. Let k(j) = -7*q(j) + 5*r(j). What is the tens digit of k(-5)?
3
Let f(a) = a**2 + a + 1. Let v(i) = 31*i**2 - 9*i - 4. Let x(y) = -6*f(y) - v(y). Let b be x(1). Let s = b + 85. What is the units digit of s?
9
Suppose -3*m - 1 = -3*v + 8, -v = 2*m. Let q(t) = 68*t - 5. What is the hundreds digit of q(v)?
1
Let b be 8 + 3/(3/2). Suppose b = 4*w + w. What is the units digit of (w/(-4))/((-1)/16)?
8
Let n(m) = -5*m + 147. What is the tens digit of n(11)?
9
What is the units digit of 8*7*400/70?
0
Suppose 0 = 15*w - 2050 - 2855. What is the units digit of w?
7
Let c = -27 + 37. Suppose c*f - 4*f - 348 = 0. What is the tens digit of f?
5
Suppose 0 = 9*r - 2518 - 1523. What is the units digit of 2/9 - r*(-2)/9?
0
Suppose 0 = -3*p - n + 15 - 2, p + 5*n = -5. Suppose s - 5*s = -4*u - 496, -570 = -p*s - 5*u. What is the units digit of s?
9
What is the tens digit of 4/5 - (-1608)/40?
4
Let f = -70 + -36. What is the tens digit of 4*15/12 - f?
1
Let a(r) = -3*r + 16. Suppose 7*m - 5*m + 32 = 0. What is the tens digit of a(m)?
6
Let l = -193 + 1472. What is the thousands digit of l?
1
Let c be (4 + -20)/((-1)/(10/4)). Suppose c = p + 4*l, 2*l = -3*p + 2*p + 50. What is the tens digit of p?
6
Suppose -6*b + 5573 = -19273. What is the thousands digit of b?
4
Let x = 0 - -3. Suppose 3 = -x*t, -2*u + 5 = 5*t + 14. What is the tens digit of 2*(-59)/4*u?
5
Let c(s) = 53*s**2 - 3*s + 6. Let m be c(2). Suppose 4*w - 580 = -m. What is the units digit of w?
2
Suppose 78*q = 79*q - 1726. What is the tens digit of q?
2
Let z(x) = 40*x**2 - 5*x + 3. Let k be z(1). Let b = -30 + k. What is the units digit of b?
8
Suppose 6 = -m + 3*u, m + 4*u = -m + 8. Suppose 5*r - 5*x + 20 = m, -3*r - 16 = -r - 4*x. Suppose -y + 25 = -r*y. What is the tens digit of y?
2
Let p be 2 - 4/(3 + -1). Suppose 4*x - 5*a = 8, 5*x - 3*a - 10 = -p*a. Suppose o = -1, 47 = x*u - 4*o + o. What is the units digit of u?
2
Let z = 130 - -2. Suppose z = -2*f + 3*f. What is the hundreds digit of f?
1
What is the hundreds digit of (-22)/((-183)/60 - -3)?
4
Let y(v) = v**3 - 5*v**2 - 3*v + 6. Let w be y(5). Let f = -7 - w. Let c = f - -13. What is the units digit of c?
5
Suppose -4*t + 3 = -2*g + 13, 5 = g + t. Suppose 3*m + 2*o - 28 = 0, 5*o - 9 = g*m - 64. What is the tens digit of (-90)/(-20)*m/3?
1
Suppose 2*t + 3*z - 281 = -65, 0 = 5*z. Let x be 2/1 - (-3 + t). Let k = -66 - x. What is the tens digit of k?
3
Suppose 4 + 2 = 2*s + 4*r, 4*s + 10 = 3*r. Let y = s - 1. What is the tens digit of (-3 + 0 - y) + 21?
2
Let j be (-10)/(-4)*(35 - -3). Suppose -j = 2*u + 1. Let f = u + 76. What is the tens digit of f?
2
Let r be (-50)/35*14*-1. Suppose 3*j + j - r = 0. Suppose 45 = o + 2*l, 2*l = j*o + 5*l - 239. What is the units digit of o?
9
Let g(r) = 3*r + 5. Let k(b) = 5*b + 8. Let v(s) = 8*g(s) - 5*k(s). What is the units digit of v(-3)?
3
Suppose -68 = -5*n - 28. Let r(b) = b**3 - 3*b**2 - 3*b + 7. Let m(u) = -u**2. Let f(l) = 4*m(l) + r(l). What is the tens digit of f(n)?
4
Let y be ((-15)/(-6))/((-2)/(-4)). Suppose -3*l + 2*p + 27 = -0*l, y*p - 70 = -5*l. Let i = 6 + l. What is the units digit of i?
7
Suppose 18*s = 13253 + 19777. What is the hundreds digit of s?
8
Let k be (-1)/((-4)/(-24))*-1. Suppose -3*o - 3*x = -0*o, 2*o + 4*x = -k. Suppose t = -3*r + r + 72, 4*r - 148 = -o*t. What is the tens digit of r?
3
What is the tens digit of 2282/(-8)*(-37 - -17)?
0
What is the units digit of -1 + (-12112)/(-28) - 3/(-7)?
2
Suppose -n + 5*n = 72. Suppose -m = -10*m - 90. Let q = m + n. What is the units digit of q?
8
Let g(w) = w**2 + 16*w + 10. Let c be g(-11). Let b = -1 - c. What is the tens digit of b/((-7)/((-14)/4))?
2
Let o be (-18)/((-24)/(-8)) - -15. Let m(u) = -2 + 3*u - 9*u**2 - 14 + 3 + u**3. What is the tens digit of m(o)?
1
Let r = -45 + 88. Suppose -4*l + 5*y + 1 = -39, -5*y - 35 = -3*l. Suppose l*f = 12 + r. What is the units digit of f?
1
Let c(q) = q**3 + 7*q**2 + 3*q - 11. Let w be 440/(-36) + 2/9. Let n = w - -6. What is the units digit of c(n)?
7
Suppose -3*o - 2*i + 8 = 0, i = 4*o - 4*i - 3. Suppose 3*x - o = h + 45, 0 = 5*h - 5. What is the units digit of x?
6
Let k = -115 - -305. Suppose -2*a + k = 54. What is the units digit of a?
8
Let u(x) = -50*x - 111. Let j(b) = -17*b - 37. Let q(z) = 7*j(z) - 2*u(z). What is the units digit of q(-6)?
7
Suppose -9*t + 5*t = -8. Let q(i) = i + 2*i**3 + 6 + i**t + i**3 - 4*i**3. What is the units digit of q(0)?
6
Let n(j) = 4*j - 13. Let q(m) = -5*m + 14. Let c(g) = -6*n(g) - 5*q(g). Let f be c(-5). Suppose s + f*s - 16 = 0. What is the units digit of s?
4
Let n be -2*18*(-20)/8. What is the units digit of (-1022)/(-12) + (-15)/n?
5
Suppose 4*v = v. Suppose -f - 4*f = -5*a + 25, -2*a - 6 = v. Let m = 10 - f. What is the units digit of m?
8
Suppose 5*m - 1 = 9. Suppose m + 2 = k. Suppose x - k = 1. What is the units digit of x?
5
What is the units digit of (-1)/(6 - 5) - (-1871 + 5)?
5
Let q be (-58)/4 + (-12)/8 + 2. Let z(l) = -12*l - 39. What is the tens digit of z(q)?
2
Let u be (-310)/15 + 1/(-3). Let a = 12 + u. Let p(f) = f**2 + 3*f + 4. What is the units digit of p(a)?
8
Suppose -4*o = l - 5*l - 8, -2 = -4*l + 2*o. Let d be ((-1)/(-3))/(2*3/540). Let z = d + l. What is the units digit of z?
3
Let a(g) = 117*g**3 - 2*g**2 + 38*g - 97. What is the tens digit of a(3)?
5
Suppose 0 = 7*s + 5*s - 14244. What is the tens digit of s?
8
Let a be 13 + ((-2)/(-2) - 4). Suppose -b + 3*b = 30. What is the units digit of a/4*84/b?
4
Suppose -5*b + 0*b - 10 = 0. Let o = 0 + b. What is the tens digit of -1 - 27/o*2?
2
Suppose 4*j + 5*b - 1536 = -196, 0 = 4*b. What is the units digit of j?
5
Suppose -5*o - g + 3942 = 0, 2*o + 2*g - 5*g = 1570. What is th